{"id":912,"date":"2020-04-08T18:25:24","date_gmt":"2020-04-08T18:25:24","guid":{"rendered":"https:\/\/taxivalenciatransfer.com\/?page_id=912"},"modified":"2025-09-01T15:27:35","modified_gmt":"2025-09-01T13:27:35","slug":"taqs-3","status":"publish","type":"page","link":"https:\/\/taxivalenciatransfer.com\/index.php\/it\/taqs-3\/","title":{"rendered":"FAQS"},"content":{"rendered":"\n<p>Cosa succede quando effettuo una prenotazione?<br>Una volta completata la prenotazione, riceverai un&#8217;e-mail con la conferma. \u00c8 quindi necessario che forniate informazioni corrette al momento della prenotazione in quanto l&#8217;autista non potr\u00e0 essere ritenuto responsabile di errori nel servizio dovuti a informazioni errate fornite al momento della prenotazione. Sta a te controllare i dettagli sul voucher di prenotazione prima del viaggio, e informarci immediatamente se ci sono errori.<\/p>\n\n\n\n<p>Cosa include il prezzo?<br>Il prezzo del trasferimento comprende il viaggio di sola andata per la tratta prenotata, servizio porta a porta. Un trasferimento di andata e ritorno comprende sia il viaggio di arrivo che quello di partenza per il percorso prenotato. I nostri servizi sono tutti privati \u200b\u200bcon taxi, questi vengono pagati per veicolo.<br>Nel prezzo sono inclusi i seggiolini per bambini, i bagagli che possono essere riposti nel portabagagli e l&#8217;attesa in aeroporto fino a 1 ora.<\/p>\n\n\n\n<p>Pagamento del servizio<br>I servizi verranno pagati all&#8217;autista al termine. Non \u00e8 necessario effettuare alcun esborso al momento della prenotazione con noi.<\/p>\n\n\n\n<p>Prenotazioni con neonati e bambini<br>Tutti i neonati (0-2 anni) e i bambini (3-11 anni) devono essere inclusi nella prenotazione per garantire che siano forniti veicolo e spazio adeguati<br>. Se prenoti un transfer privato dall&#8217;aeroporto o per un viaggio interurbano, per motivi di sicurezza dovrai utilizzare un seggiolone o un seggiolino per bambini sotto i 12 anni o fino a 135 cm di altezza.<br>Possiamo garantire seggioloni o seggioloni per bambini prenotati in anticipo e questa opzione \u00e8 disponibile come parte del processo di prenotazione.<br>Se desideri portare il tuo seggiolone o seggiolino per bambini, dobbiamo essere informati di queste informazioni prima del viaggio. Questo per garantire che il veicolo fornito dal conducente possa ospitare il sedile. Se porti il \u200b\u200btuo posto, \u00e8 tua responsabilit\u00e0 posizionarlo nel veicolo e non \u00e8 responsabilit\u00e0 del fornitore.<\/p>\n\n\n\n<p>Come trovo il mio mezzo di trasporto?<br>Le istruzioni per trovare il trasporto al tuo arrivo sono nell&#8217;e-mail di conferma che ti invieremo al momento della prenotazione e che potrai stampare in seguito.<br>Se, per qualsiasi motivo, non riesci a trovare l&#8217;autista, chiama il numero di telefono indicato sul voucher di prenotazione.<br>Tieni presente che non \u00e8 necessario chiamare per confermare il tuo arrivo in aeroporto. Dovresti chiamare solo se sei a conoscenza di ritardi significativi nella partenza del tuo volo.<\/p>\n\n\n\n<p>E alla partita?<br>Assicurati di prenotare con sufficiente anticipo, come regola generale il check-in e il check-in all&#8217;aeroporto di Valencia vengono effettuati 1 ora prima per i voli nazionali e 2 ore prima per i voli internazionali.<br>Al momento della prenotazione dovrai comunicarci l&#8217;orario esatto in cui desideri essere prelevato ed \u00e8 tua responsabilit\u00e0 calcolare correttamente gli orari.<br>L&#8217;autista non pu\u00f2 essere ritenuto responsabile per ritiri falliti, perch\u00e9 il cliente non viaggia con il voucher di prenotazione. Questo voucher di prenotazione contiene le informazioni rilevanti per consentirti di chiamare e confermare la tua prenotazione.<\/p>\n\n\n\n<p>Durata del viaggio<br>I tempi di viaggio indicati sul nostro sito web e sui voucher di prenotazione sono stime e si applicano al viaggio in una giornata tipo. Questi orari possono variare a seconda dell&#8217;ora del giorno, dei lavori stradali, delle chiusure o delle deviazioni delle strade locali, del volume del traffico, delle festivit\u00e0 locali, ecc.<\/p>\n\n\n\n<p>Quanti bagagli posso portare?<br>Il limite per persona, per tutti i tipi di veicolo, \u00e8 di una valigia standard (circa 70 cm di altezza, 47 cm di larghezza e 21 cm di profondit\u00e0), oltre a un piccolo bagaglio a mano. Tieni presente che il tuo bagaglio a mano verr\u00e0 trasportato nel veicolo con te, quindi deve essere di dimensioni adeguate.<br>Se viaggi con bagagli in eccesso, come valigie grandi, mazze da golf, sedie a rotelle, sci, passeggini, ecc., \u00e8 imperativo comunicarcelo al momento della prenotazione. La mancata notifica potrebbe comportare la necessit\u00e0 di un trasporto aggiuntivo per accogliere il bagaglio in eccesso, il che comporter\u00e0 costi aggiuntivi.<br>Tieni presente che in alcune occasioni, potrebbe essere necessario sostituire un veicolo con piena capacit\u00e0 di passeggeri con bagagli per ciascun passeggero con un veicolo pi\u00f9 grande. Per evitare complicazioni al riguardo all&#8217;arrivo, vi preghiamo di chiamare e chiarire le vostre esigenze al momento della prenotazione.<\/p>\n\n\n\n<p>\u00c8 necessario dare la mancia all&#8217;autista?<br>Il prezzo pagato non include le mance. Questo \u00e8 interamente a tua discrezione.<\/p>\n\n\n\n<p>L&#8217;autista mi lascer\u00e0 e mi verr\u00e0 a prendere al mio alloggio?<br>Cerchiamo di fornire un servizio porta a porta, ma in alcuni casi ci\u00f2 potrebbe non essere possibile, ad esempio in caso di chiusure stradali. Laddove si applicano queste restrizioni, gli autisti ti lasceranno e ti verranno a prendere dal punto accessibile pi\u00f9 vicino. Si prega di notare, tuttavia, che l&#8217;autista non sar\u00e0 responsabile del trasporto dei bagagli.<\/p>\n\n\n\n<p>Cosa succede se i dettagli del mio viaggio cambiano prima della partenza?<br>Se i dettagli del tuo viaggio cambiano prima della partenza, chiamaci semplicemente al numero +34644694901 o invia un&#8217;e-mail a info@taxivalenciatransfer.com con i tuoi nuovi dettagli e aggiorneremo la tua prenotazione. Sarai responsabile di qualsiasi aumento di prezzo se il nuovo viaggio comporta una distanza o un tempo maggiori, un diverso tipo di veicolo, posizione, numero di passeggeri, ecc.<\/p>\n\n\n\n<p>Cosa succede se annullo la mia prenotazione?<br>Puoi cancellare la tua prenotazione in qualsiasi momento scrivendoci una email a info@taxivalenciatransfer.com. Potrebbero essere applicate penali di cancellazione. La politica di cancellazione \u00e8 disponibile nella sezione \u00abTermini e condizioni\u00bb del nostro sito web.<\/p>\n\n\n\n<p>Cosa succede se il mio volo di partenza viene ritardato o cancellato?<br>Monitoriamo i voli, tuttavia se il tuo volo di partenza subisce ritardi molto importanti o viene cancellato, chiamaci al numero +34644694901. Se viaggi su un volo in coincidenza e la prima tratta subisce un ritardo o viene cancellata, provocando un successivo ritardo nel tuo arrivo alla destinazione finale dove \u00e8 prenotato il trasferimento, in ogni caso dovrai comunicare i tuoi nuovi dettagli. Questo per garantire che possiamo riprogrammare il tuo trasporto. In alcune destinazioni potrebbero essere applicati supplementi notturni. Se il nuovo orario di arrivo rientra nel periodo in cui si applicano le tariffe notturne, sarai tenuto a pagarle. La mancata comunicazione dei voli cancellati o riprogrammati\u2009potrebbe comportare la fornitura del trasporto in base ai dettagli della prenotazione originale. In questo caso non saremo responsabili e non verr\u00e0 concesso alcun rimborso.<\/p>\n\n\n\n<p>Offrite trasferimenti per passeggeri limitati su sedia a rotelle?<br>Non disponiamo di veicoli adattati in cui un passeggero deve essere seduto su una sedia a rotelle.<\/p>\n\n\n\n<p>Sicuro<br>Si consiglia di munirsi di polizza assicurativa valida per tutta la durata del viaggio. L&#8217;assicurazione del conducente copre solo gli incidenti causati durante il trasporto.<\/p>\n\n\n\n<p>Comportamento inappropriato\/alcolico e politica linguistica abusiva<br>L&#8217;autista si riserva il diritto di rifiutare il trasporto a chiunque sia ritenuto sotto l&#8217;effetto di alcol o droghe. Inoltre, qualsiasi persona il cui comportamento e\/o linguaggio risulti offensivo e possa arrecare minaccia o offesa al conducente e ad eventuali altri passeggeri, o danni al veicolo. Non sar\u00e0 previsto alcun rimborso per servizi non forniti per le ragioni citate. Per eventuali danni arrecati ai veicoli, il responsabile dovr\u00e0 pagare le eventuali spese sostenute al conducente.<\/p>\n\n\n\n<p>Qual \u00e8 la vostra politica sul fumo?<br>I fornitori hanno una politica di divieto di fumo in tutti i veicoli.<\/p>\n\n\n\n<p>Qual \u00e8 la vostra politica sui reclami?<br>I nostri \u201cTermini e Condizioni\u201d, disponibili sul nostro sito web, descrivono la nostra procedura di reclamo.<br>Non verranno presi in considerazione i reclami derivanti dal mancato rispetto dei nostri Termini e Condizioni, come il mancato viaggio con il voucher di prenotazione, la mancata conferma del trasferimento telefonicamente o la fornitura di informazioni errate.<br>Se non riesci a trovare l&#8217;autista, ti chiediamo di chiamare il numero di telefono +34644694901 presente nella conferma della prenotazione. In caso contrario, qualsiasi eventuale reclamo potrebbe non essere valido.<\/p>\n\n\n\n<p>Cosa succede se danneggio o perdo il mio bagaglio?<br>Il contratto per questo servizio \u00e8 tra te e l&#8217;autista. Pertanto, non possiamo accettare alcuna responsabilit\u00e0 per danni, perdita o furto di bagagli o oggetti personali durante il trasporto. Qualsiasi richiesta di risarcimento per perdita, danno o furto di oggetti derivanti dall&#8217;utilizzo del servizio deve essere avanzata all&#8217;autista del servizio ed \u00e8 soggetta alle leggi e alla giurisdizione della Spagna.<\/p>\n\n\n\n<p>Posso prenotare un trasferimento con pi\u00f9 fermate?<br>S\u00ec. Se le fermate sono tutte resort o hotel, facci sapere quali sono e avviseremo l&#8217;autista di eventuali fermate aggiuntive necessarie. Se sono indirizzi privati, avremo bisogno dell&#8217;indirizzo completo. Tieni presente che devi farci sapere se questi dettagli saranno gli stessi per i ritiri del viaggio di ritorno. Potrebbero essere applicati costi aggiuntivi.<\/p>\n\n\n\n<p>Posso avere lo stesso autista sia nel viaggio di andata che in quello di ritorno?<br>Non possiamo garantirlo, ma saremo lieti di contattare l&#8217;autista per vedere se \u00e8 possibile.<\/p>\n\n\n\n<p>Posso portare animali durante un trasferimento?<br>Generalmente ammettiamo animali sui nostri trasferimenti, tuttavia se desideri viaggiare con un animale domestico, chiamaci telefonicamente al numero +346644694901 e verificheremo con l&#8217;autista<\/p>\n\n\n\n<p>Effettuate trasferimenti da un hotel all&#8217;altro?<br>S\u00ec. Contattaci per informarci tra gli hotel in cui desideri effettuare il trasferimento.<\/p>\n\n\n\n<p>\u00c8 possibile organizzare una navetta per una destinazione non presente sul sito web?<br>S\u00ec! Se non riesci a trovare la destinazione sul web, inviaci un&#8217;e-mail per offrirti un preventivo.<\/p>\n\n\n<div class=\"kk-star-ratings kksr-auto kksr-align-left kksr-valign-bottom\"\n    data-payload='{&quot;align&quot;:&quot;left&quot;,&quot;id&quot;:&quot;912&quot;,&quot;slug&quot;:&quot;default&quot;,&quot;valign&quot;:&quot;bottom&quot;,&quot;ignore&quot;:&quot;&quot;,&quot;reference&quot;:&quot;auto&quot;,&quot;class&quot;:&quot;&quot;,&quot;count&quot;:&quot;0&quot;,&quot;legendonly&quot;:&quot;&quot;,&quot;readonly&quot;:&quot;&quot;,&quot;score&quot;:&quot;0&quot;,&quot;starsonly&quot;:&quot;&quot;,&quot;best&quot;:&quot;5&quot;,&quot;gap&quot;:&quot;4&quot;,&quot;greet&quot;:&quot;Rate this page&quot;,&quot;legend&quot;:&quot;0\\\/5 - (0 votos)&quot;,&quot;size&quot;:&quot;26&quot;,&quot;title&quot;:&quot;FAQS&quot;,&quot;width&quot;:&quot;0&quot;,&quot;_legend&quot;:&quot;{score}\\\/{best} - ({count} {votes})&quot;,&quot;font_factor&quot;:&quot;1.25&quot;}'>\n            \n<div class=\"kksr-stars\">\n    \n<div class=\"kksr-stars-inactive\">\n            <div class=\"kksr-star\" data-star=\"1\" style=\"padding-right: 4px\">\n            \n\n<div class=\"kksr-icon\" style=\"width: 26px; height: 26px;\"><\/div>\n        <\/div>\n            <div class=\"kksr-star\" data-star=\"2\" style=\"padding-right: 4px\">\n            \n\n<div class=\"kksr-icon\" style=\"width: 26px; height: 26px;\"><\/div>\n        <\/div>\n            <div class=\"kksr-star\" data-star=\"3\" style=\"padding-right: 4px\">\n            \n\n<div class=\"kksr-icon\" style=\"width: 26px; height: 26px;\"><\/div>\n        <\/div>\n            <div class=\"kksr-star\" data-star=\"4\" style=\"padding-right: 4px\">\n            \n\n<div class=\"kksr-icon\" style=\"width: 26px; height: 26px;\"><\/div>\n        <\/div>\n            <div class=\"kksr-star\" data-star=\"5\" style=\"padding-right: 4px\">\n            \n\n<div class=\"kksr-icon\" style=\"width: 26px; height: 26px;\"><\/div>\n        <\/div>\n    <\/div>\n    \n<div class=\"kksr-stars-active\" style=\"width: 0px;\">\n            <div class=\"kksr-star\" style=\"padding-right: 4px\">\n            \n\n<div class=\"kksr-icon\" style=\"width: 26px; height: 26px;\"><\/div>\n        <\/div>\n            <div class=\"kksr-star\" style=\"padding-right: 4px\">\n            \n\n<div class=\"kksr-icon\" style=\"width: 26px; height: 26px;\"><\/div>\n        <\/div>\n            <div class=\"kksr-star\" style=\"padding-right: 4px\">\n            \n\n<div class=\"kksr-icon\" style=\"width: 26px; height: 26px;\"><\/div>\n        <\/div>\n            <div class=\"kksr-star\" style=\"padding-right: 4px\">\n            \n\n<div class=\"kksr-icon\" style=\"width: 26px; height: 26px;\"><\/div>\n        <\/div>\n            <div class=\"kksr-star\" style=\"padding-right: 4px\">\n            \n\n<div class=\"kksr-icon\" style=\"width: 26px; height: 26px;\"><\/div>\n        <\/div>\n    <\/div>\n<\/div>\n                \n\n<div class=\"kksr-legend\" style=\"font-size: 20.8px;\">\n            <span class=\"kksr-muted\">Rate this page<\/span>\n    <\/div>\n    <\/div>\n","protected":false},"excerpt":{"rendered":"<p>Cosa succede quando effettuo una prenotazione?Una volta completata la prenotazione, riceverai un&#8217;e-mail con la conferma. \u00c8 quindi necessario che forniate informazioni corrette al momento della prenotazione in quanto l&#8217;autista non potr\u00e0 essere ritenuto responsabile di errori nel servizio dovuti a informazioni errate fornite al momento della prenotazione. Sta a te controllare i dettagli sul voucher &#8230; <a title=\"FAQS\" class=\"read-more\" href=\"https:\/\/taxivalenciatransfer.com\/index.php\/it\/taqs-3\/\" aria-label=\"Leer m\u00e1s sobre FAQS\">Leer m\u00e1s<\/a><\/p>\n","protected":false},"author":1,"featured_media":0,"parent":0,"menu_order":0,"comment_status":"closed","ping_status":"closed","template":"","meta":{"_monsterinsights_skip_tracking":false,"_monsterinsights_sitenote_active":false,"_monsterinsights_sitenote_note":"","_monsterinsights_sitenote_category":0,"footnotes":""},"class_list":["post-912","page","type-page","status-publish"],"yoast_head":"<!-- This site is optimized with the Yoast SEO plugin v27.2 - https:\/\/yoast.com\/product\/yoast-seo-wordpress\/ -->\n<title>FAQS | TAXI VALENCIA TRANSFER<\/title>\n<meta name=\"robots\" content=\"index, follow, max-snippet:-1, max-image-preview:large, max-video-preview:-1\" \/>\n<link rel=\"canonical\" href=\"https:\/\/taxivalenciatransfer.com\/index.php\/it\/taqs-3\/\" \/>\n<meta property=\"og:locale\" content=\"es_ES\" \/>\n<meta property=\"og:type\" content=\"article\" \/>\n<meta property=\"og:title\" content=\"FAQS | TAXI VALENCIA TRANSFER\" \/>\n<meta property=\"og:description\" content=\"Cosa succede quando effettuo una prenotazione?Una volta completata la prenotazione, riceverai un&#8217;e-mail con la conferma. \u00c8 quindi necessario che forniate informazioni corrette al momento della prenotazione in quanto l&#8217;autista non potr\u00e0 essere ritenuto responsabile di errori nel servizio dovuti a informazioni errate fornite al momento della prenotazione. Sta a te controllare i dettagli sul voucher ... Leer m\u00e1s\" \/>\n<meta property=\"og:url\" content=\"https:\/\/taxivalenciatransfer.com\/index.php\/it\/taqs-3\/\" \/>\n<meta property=\"og:site_name\" content=\"TAXI VALENCIA TRANSFER\" \/>\n<meta property=\"article:modified_time\" content=\"2025-09-01T13:27:35+00:00\" \/>\n<meta name=\"twitter:card\" content=\"summary_large_image\" \/>\n<meta name=\"twitter:label1\" content=\"Tiempo de lectura\" \/>\n\t<meta name=\"twitter:data1\" content=\"7 minutos\" \/>\n<script type=\"application\/ld+json\" class=\"yoast-schema-graph\">{\"@context\":\"https:\/\/schema.org\",\"@graph\":[{\"@type\":\"WebPage\",\"@id\":\"https:\/\/taxivalenciatransfer.com\/index.php\/it\/taqs-3\/\",\"url\":\"https:\/\/taxivalenciatransfer.com\/index.php\/it\/taqs-3\/\",\"name\":\"FAQS | TAXI VALENCIA TRANSFER\",\"isPartOf\":{\"@id\":\"https:\/\/taxivalenciatransfer.com\/#website\"},\"datePublished\":\"2020-04-08T18:25:24+00:00\",\"dateModified\":\"2025-09-01T13:27:35+00:00\",\"breadcrumb\":{\"@id\":\"https:\/\/taxivalenciatransfer.com\/index.php\/it\/taqs-3\/#breadcrumb\"},\"inLanguage\":\"es\",\"potentialAction\":[{\"@type\":\"ReadAction\",\"target\":[\"https:\/\/taxivalenciatransfer.com\/index.php\/it\/taqs-3\/\"]}]},{\"@type\":\"BreadcrumbList\",\"@id\":\"https:\/\/taxivalenciatransfer.com\/index.php\/it\/taqs-3\/#breadcrumb\",\"itemListElement\":[{\"@type\":\"ListItem\",\"position\":1,\"name\":\"Portada\",\"item\":\"https:\/\/taxivalenciatransfer.com\/\"},{\"@type\":\"ListItem\",\"position\":2,\"name\":\"FAQS\"}]},{\"@type\":\"WebSite\",\"@id\":\"https:\/\/taxivalenciatransfer.com\/#website\",\"url\":\"https:\/\/taxivalenciatransfer.com\/\",\"name\":\"TAXI VALENCIA TRANSFER\",\"description\":\"Taxi Valencia aeropuerto, traslados todos los destinos con grandes descuentos\",\"publisher\":{\"@id\":\"https:\/\/taxivalenciatransfer.com\/#organization\"},\"potentialAction\":[{\"@type\":\"SearchAction\",\"target\":{\"@type\":\"EntryPoint\",\"urlTemplate\":\"https:\/\/taxivalenciatransfer.com\/?s={search_term_string}\"},\"query-input\":{\"@type\":\"PropertyValueSpecification\",\"valueRequired\":true,\"valueName\":\"search_term_string\"}}],\"inLanguage\":\"es\"},{\"@type\":\"Organization\",\"@id\":\"https:\/\/taxivalenciatransfer.com\/#organization\",\"name\":\"TAXIVALENCIATRANSFER\",\"url\":\"https:\/\/taxivalenciatransfer.com\/\",\"logo\":{\"@type\":\"ImageObject\",\"inLanguage\":\"es\",\"@id\":\"https:\/\/taxivalenciatransfer.com\/#\/schema\/logo\/image\/\",\"url\":\"https:\/\/taxivalenciatransfer.com\/wp-content\/uploads\/2019\/03\/logo.png\",\"contentUrl\":\"https:\/\/taxivalenciatransfer.com\/wp-content\/uploads\/2019\/03\/logo.png\",\"width\":256,\"height\":256,\"caption\":\"TAXIVALENCIATRANSFER\"},\"image\":{\"@id\":\"https:\/\/taxivalenciatransfer.com\/#\/schema\/logo\/image\/\"}}]}<\/script>\n<!-- \/ Yoast SEO plugin. -->","yoast_head_json":{"title":"FAQS | TAXI VALENCIA TRANSFER","robots":{"index":"index","follow":"follow","max-snippet":"max-snippet:-1","max-image-preview":"max-image-preview:large","max-video-preview":"max-video-preview:-1"},"canonical":"https:\/\/taxivalenciatransfer.com\/index.php\/it\/taqs-3\/","og_locale":"es_ES","og_type":"article","og_title":"FAQS | TAXI VALENCIA TRANSFER","og_description":"Cosa succede quando effettuo una prenotazione?Una volta completata la prenotazione, riceverai un&#8217;e-mail con la conferma. \u00c8 quindi necessario che forniate informazioni corrette al momento della prenotazione in quanto l&#8217;autista non potr\u00e0 essere ritenuto responsabile di errori nel servizio dovuti a informazioni errate fornite al momento della prenotazione. Sta a te controllare i dettagli sul voucher ... Leer m\u00e1s","og_url":"https:\/\/taxivalenciatransfer.com\/index.php\/it\/taqs-3\/","og_site_name":"TAXI VALENCIA TRANSFER","article_modified_time":"2025-09-01T13:27:35+00:00","twitter_card":"summary_large_image","twitter_misc":{"Tiempo de lectura":"7 minutos"},"schema":{"@context":"https:\/\/schema.org","@graph":[{"@type":"WebPage","@id":"https:\/\/taxivalenciatransfer.com\/index.php\/it\/taqs-3\/","url":"https:\/\/taxivalenciatransfer.com\/index.php\/it\/taqs-3\/","name":"FAQS | TAXI VALENCIA TRANSFER","isPartOf":{"@id":"https:\/\/taxivalenciatransfer.com\/#website"},"datePublished":"2020-04-08T18:25:24+00:00","dateModified":"2025-09-01T13:27:35+00:00","breadcrumb":{"@id":"https:\/\/taxivalenciatransfer.com\/index.php\/it\/taqs-3\/#breadcrumb"},"inLanguage":"es","potentialAction":[{"@type":"ReadAction","target":["https:\/\/taxivalenciatransfer.com\/index.php\/it\/taqs-3\/"]}]},{"@type":"BreadcrumbList","@id":"https:\/\/taxivalenciatransfer.com\/index.php\/it\/taqs-3\/#breadcrumb","itemListElement":[{"@type":"ListItem","position":1,"name":"Portada","item":"https:\/\/taxivalenciatransfer.com\/"},{"@type":"ListItem","position":2,"name":"FAQS"}]},{"@type":"WebSite","@id":"https:\/\/taxivalenciatransfer.com\/#website","url":"https:\/\/taxivalenciatransfer.com\/","name":"TAXI VALENCIA TRANSFER","description":"Taxi Valencia aeropuerto, traslados todos los destinos con grandes descuentos","publisher":{"@id":"https:\/\/taxivalenciatransfer.com\/#organization"},"potentialAction":[{"@type":"SearchAction","target":{"@type":"EntryPoint","urlTemplate":"https:\/\/taxivalenciatransfer.com\/?s={search_term_string}"},"query-input":{"@type":"PropertyValueSpecification","valueRequired":true,"valueName":"search_term_string"}}],"inLanguage":"es"},{"@type":"Organization","@id":"https:\/\/taxivalenciatransfer.com\/#organization","name":"TAXIVALENCIATRANSFER","url":"https:\/\/taxivalenciatransfer.com\/","logo":{"@type":"ImageObject","inLanguage":"es","@id":"https:\/\/taxivalenciatransfer.com\/#\/schema\/logo\/image\/","url":"https:\/\/taxivalenciatransfer.com\/wp-content\/uploads\/2019\/03\/logo.png","contentUrl":"https:\/\/taxivalenciatransfer.com\/wp-content\/uploads\/2019\/03\/logo.png","width":256,"height":256,"caption":"TAXIVALENCIATRANSFER"},"image":{"@id":"https:\/\/taxivalenciatransfer.com\/#\/schema\/logo\/image\/"}}]}},"_links":{"self":[{"href":"https:\/\/taxivalenciatransfer.com\/index.php\/wp-json\/wp\/v2\/pages\/912","targetHints":{"allow":["GET"]}}],"collection":[{"href":"https:\/\/taxivalenciatransfer.com\/index.php\/wp-json\/wp\/v2\/pages"}],"about":[{"href":"https:\/\/taxivalenciatransfer.com\/index.php\/wp-json\/wp\/v2\/types\/page"}],"author":[{"embeddable":true,"href":"https:\/\/taxivalenciatransfer.com\/index.php\/wp-json\/wp\/v2\/users\/1"}],"replies":[{"embeddable":true,"href":"https:\/\/taxivalenciatransfer.com\/index.php\/wp-json\/wp\/v2\/comments?post=912"}],"version-history":[{"count":3,"href":"https:\/\/taxivalenciatransfer.com\/index.php\/wp-json\/wp\/v2\/pages\/912\/revisions"}],"predecessor-version":[{"id":56195,"href":"https:\/\/taxivalenciatransfer.com\/index.php\/wp-json\/wp\/v2\/pages\/912\/revisions\/56195"}],"wp:attachment":[{"href":"https:\/\/taxivalenciatransfer.com\/index.php\/wp-json\/wp\/v2\/media?parent=912"}],"curies":[{"name":"wp","href":"https:\/\/api.w.org\/{rel}","templated":true}]}}